be (2 + 4)*(-4)/(-3). What is the highest common divisor of z and c?
8
Suppose 4*z = 4*w - 64, 2*z - 22 = -3*w + 6. Let t = 243 + -183. Calculate the greatest common factor of t and w.
12
Suppose 0 = -3*m + j + 1083 + 122, 2*j = -m + 418. Calculate the greatest common factor of m and 16.
4
Let w(s) = 232 + 244 - 490 + 2*s. Let a be w(15). Calculate the greatest common divisor of 28 and a.
4
Let c(l) = 167*l - 141. Let n be c(1). What is the highest common factor of 1443 and n?
13
Let g = -16955 - -17061. Calculate the highest common divisor of g and 583.
53
Let v = 96 + 637. Suppose -v = -14*y - 19. What is the highest common factor of 408 and y?
51
Suppose 0 = -10*i - 14*i + 17184. Suppose 18*c = -248 + i. Let o = -9 + 35. What is the highest common divisor of c and o?
26
Suppose -50*f + 45*f = 560. Let j = f + 136. Suppose 0*o + 6 = 2*o. What is the highest common factor of o and j?
3
Let n be 10430/(-105) - (-1)/3. Let r = -102 - n. Let f be ((-6)/(-7))/r*(15 - 29). Calculate the highest common factor of 28 and f.
4
Let n = -36274 + 55042. Calculate the highest common factor of 16 and n.
16
Let t(y) = -112*y + 868. Let s be t(7). What is the greatest common factor of s and 8596?
28
Suppose 341 = 5*m - 3*a, 2*m + 0*m - 5*a - 144 = 0. Let t = m - -41. What is the greatest common factor of t and 135?
27
Suppose -58*a - 53*a = -83*a - 15092. Calculate the highest common factor of a and 3619.
77
Suppose 0 = 12*a - 15*a + 18. Suppose -3*l - 2*k = -a, -k - 8 = -4*l + 11. Calculate the greatest common factor of l and 92.
4
Let m = -129 + 132. Suppose -2*c + 5*f = 2*c - 929, 0 = -3*c - 4*f + 689. Suppose -m*u + 33 + c = 0. Calculate the highest common divisor of u and 8.
8
Suppose 2503*f - 1309 = 2492*f. Let n be (0 + 0 - -105) + -3. Calculate the highest common divisor of f and n.
17
Let u(h) be the second derivative of -21*h + 0 - 5*h**2 - 3/2*h**3 + 1/20*h**5 + 5/6*h**4. Let m be u(-10). What is the highest common factor of m and 10?
10
Suppose 3*j + 3*p = 15, -54*j - 9 = -59*j + 3*p. What is the greatest common divisor of 14 and j?
1
Let b be 7/(4/4) - -1. Let g(s) = s**3 - 10*s**2 - 6*s + 10. Let x be g(b). Let f be 1/2 - x/4. What is the greatest common factor of 378 and f?
42
Let y(j) = 519*j + 10445. Let x be y(-19). What is the highest common factor of x and 8?
8
Suppose 9253 = 506*w - 90 - 5837. Let k = -42 - -177. Calculate the greatest common divisor of k and w.
15
Suppose 0 = 5*b - 4*w - 132, -4*b + 74*w - 79*w = -122. What is the greatest common divisor of b and 329?
7
Suppose 9357 - 2217 = 17*k. Let x = -199 + k. What is the highest common divisor of 39 and x?
13
Suppose 4*i - 1 = -w, -5*i - 7 = -2*w - 8*i. Suppose -18*u + 10465 = w*u. Calculate the greatest common divisor of 35 and u.
35
Let o(h) = h**2 + 27*h - 151. Let x be o(-32). Suppose -x*l = -4*l - 8820. Calculate the highest common divisor of 84 and l.
84
Suppose 8 + 87 = 5*q + 4*o, 3*o = -4*q + 75. Let z = -29 + 72. Suppose 0 = -5*r - 4*u + 69 + 160, r - z = 2*u. Calculate the highest common divisor of q and r.
15
Let r(j) = 34567*j**3 + 4*j**2 - 77*j + 72. Let p be r(1). Calculate the highest common divisor of p and 42.
42
Let y be ((-88)/198)/((-5)/405). What is the greatest common factor of 768 and y?
12
Let o be (1 - (-5)/(-2))/(20/(-40)). Suppose -290 = -o*m - 2*m. Calculate the highest common divisor of 145 and m.
29
Let p = -176 - -178. Let c be p/(-6)*3*-1 + 3. What is the greatest common divisor of 26 and c?
2
Suppose -7*l = -4*v - 5*l + 3240, -3*v + 2440 = l. What is the greatest common divisor of v and 140?
28
Let a(k) = 2*k**3 - 23*k**2 + 16*k - 42. Let g be a(11). Let w(o) = 22*o - 276. Let y be w(g). What is the highest common divisor of y and 6?
2
Let d(g) = -4*g - 33. Let b be d(-8). Let i be (-1)/(5 + b) - (-33)/(-12). Let f be (-21)/(((-9)/(-22))/i). Calculate the highest common factor of 22 and f.
22
Suppose -3*n + 9 = -3*v, -6*v = -3*v. Suppose h = -5*k + 150, -n*h + h = 0. Suppose -19*f - 1650 = -24*f. Calculate the greatest common divisor of f and k.
30
Suppose -3*d + 1 = 10. Let c be 0/(-2) - (d - 7). Suppose -c*t + 12*t = 18. What is the greatest common divisor of t and 18?
9
Let v(u) = -7*u - 92. Let b(i) = 10*i - 104. Let a be b(8). Let r be v(a). Suppose 3*j - 5*j = -38. Calculate the highest common divisor of r and j.
19
Suppose -3*f + 38 = -34. Let p = -46861 + 46989. What is the highest common divisor of f and p?
8
Let o = -10426 + 11888. What is the greatest common factor of o and 172?
86
Let i = 520 - 255. Suppose -3*b = -p - 139, -6*b + 11*b = -5*p + i. What is the highest common divisor of 156 and b?
12
Suppose 0 = d - 21 + 3. Suppose 0 = 4*q - 64 + 4. Suppose 3*h - 2*o = q + 25, h = -5*o + 2. Calculate the greatest common divisor of h and d.
6
Let f = 67 - -17. Let j(y) = -3*y**2 - 17*y + 9. Let k be j(-6). Suppose 0 = -k*x + 11*x - 448. What is the highest common factor of x and f?
28
Suppose 83*o = 47*o + 18792. Calculate the highest common divisor of 4002 and o.
174
Let m(d) = 60*d - 6. Let g be m(4). Suppose 19833*j - 20020*j = -9724. What is the highest common factor of j and g?
26
Let w = 21722 - 21401. What is the highest common divisor of w and 96?
3
Let z(c) = c**3 + 22*c**2 - 58*c - 4. Let x be z(-23). Let d be (-2)/(-9) + 73514/x. Calculate the highest common divisor of d and 138.
46
Let a = -236 - -360. Suppose 0 = 516*v - 544*v + 868. What is the greatest common factor of a and v?
31
Suppose -5*p + 179 = -131. Let m be (62*(-4)/(-48))/(535/(-90) - -6). Calculate the highest common factor of p and m.
31
Let t(y) be the second derivative of -13*y**3/6 - 60*y**2 - 6*y. Let n be t(-16). Let x = 18 + -7. What is the highest common divisor of x and n?
11
Let d(l) = -37*l - 2. Let m(k) = 38*k + 3. Let u(i) = -4*d(i) - 3*m(i). Let h = -7 + 8. Let c be u(h). What is the greatest common divisor of 55 and c?
11
Let k be (-5)/2*28/(-10)*6. What is the greatest common divisor of k and 246?
6
Suppose -31*s + 6193 + 1247 = 0. What is the greatest common divisor of s and 3000?
120
Let j = -10157 + 10251. Calculate the greatest common divisor of 7708 and j.
94
Suppose 0 = 817*k - 816*k - 5*q - 107, -117 = -k - 5*q. Calculate the greatest common divisor of 378 and k.
14
Suppose -17*y + 1168 = 2834. Let p be y/(-21)*(-27)/(-9). Calculate the greatest common factor of p and 49.
7
Let k(d) = -5*d - 20. Let l be k(-17). Let o = 220 - l. Let f = o - 132. Calculate the highest common factor of f and 299.
23
Suppose 4*p - 4 = -u - p, 0 = -4*u - 3*p + 16. Suppose g + u = 4. Let c be 9 + 22 - (g - -3)/1. Calculate the highest common divisor of 42 and c.
14
Suppose -w + 39 = 4*d + 6, 3*d - w = 23. Suppose 3 = z - 15. Let s = d + z. Calculate the greatest common divisor of s and 13.
13
Suppose -5*d = -75 + 270. Let u be 145464/d + 2/(-13). Let y be u/(-25) - -5 - (-2)/(-10). Calculate the highest common factor of y and 14.
14
Let h be (-4 - (39 + 2))*(-1 - (-94)/(-10)). What is the greatest common factor of 208 and h?
52
Let m(a) = -2*a**3 + a**2 - 18*a - 6. Let p be m(-4). Calculate the highest common factor of 14 and p.
14
Let m = 71 + -55. Let t = 14 + m. Let b be (1 - -1)/(2/(20*6)). Calculate the highest common divisor of t and b.
30
Let r = -3447 + 3600. Calculate the greatest common divisor of 663 and r.
51
Let f be 1*(3/2)/(3/10). Suppose -3*l = -4*u + l + 412, l = f. Let g = -90 - -114. What is the highest common factor of g and u?
12
Suppose -5*o - 24797 = -3*s - 63112, 5*o - 38315 = -s. What is the highest common factor of o and 97?
97
Let p be (40/(-50))/((6/45)/((-624)/6)). What is the highest common factor of 195 and p?
39
Let g(z) = -150*z - 8114. Let u be g(-55). Let f be (1 - -6) + 2 + -1. What is the greatest common divisor of u and f?
8
Let n = -2565 - -6549. What is the greatest common divisor of 16 and n?
16
Let n(u) = -u**3 + 2*u**2 + u + 470. Let x be n(0). Calculate the greatest common divisor of x and 1034.
94
Suppose -3*n - 535 = -y, -8*y = -3*y - 5*n - 2725. Let b be 9/39 + 1294/26. Calculate the greatest common divisor of b and y.
50
Let y be (-18)/6 + 3 + 3. Suppose 4*i - 1 = -y*b, -b + 3 = -2*b - 3*i. Let q(d) = -14*d - 1. Let z be q(-2). Calculate the highest common factor of z and b.
3
Suppose 5*q - 6*q = -1251. Let n =